6?
2, 6128813
What are the prime factors of 271979?
211, 1289
What are the prime factors of 216992?
2, 6781
List the prime factors of 2967741.
3, 7, 17, 163
List the prime factors of 8786419.
8786419
What are the prime factors of 148139?
148139
List the prime factors of 2907584.
2, 181, 251
List the prime factors of 1235095.
5, 19, 13001
What are the prime factors of 3078230?
2, 5, 307823
What are the prime factors of 68824?
2, 7, 1229
What are the prime factors of 28292313?
3, 7, 29, 46457
What are the prime factors of 2741488?
2, 17, 10079
What are the prime factors of 16357984?
2, 167, 3061
What are the prime factors of 190207?
190207
List the prime factors of 134094.
2, 3, 22349
What are the prime factors of 26940415?
5, 157, 34319
What are the prime factors of 2775294?
2, 3, 154183
List the prime factors of 728792.
2, 91099
List the prime factors of 8519053.
8519053
List the prime factors of 322647.
3, 13, 8273
What are the prime factors of 229853?
13, 17681
List the prime factors of 3209291.
179, 17929
List the prime factors of 1546093.
1546093
List the prime factors of 1488322.
2, 11, 67651
List the prime factors of 1984526.
2, 992263
List the prime factors of 3630561.
3, 11, 110017
List the prime factors of 10586360.
2, 5, 264659
List the prime factors of 307882.
2, 153941
List the prime factors of 1616594.
2, 7, 115471
List the prime factors of 3510913.
7, 59, 8501
What are the prime factors of 174381?
3, 37, 1571
List the prime factors of 6032626.
2, 643, 4691
What are the prime factors of 6400693?
13, 23, 21407
List the prime factors of 773893.
419, 1847
List the prime factors of 4890243.
3, 281, 5801
List the prime factors of 9824601.
3, 3274867
List the prime factors of 3929435.
5, 23, 47, 727
What are the prime factors of 247098?
2, 3, 41183
List the prime factors of 3351186.
2, 3, 229, 271
List the prime factors of 415748.
2, 23, 4519
What are the prime factors of 702352?
2, 7, 6271
What are the prime factors of 1862953?
1862953
List the prime factors of 425619.
3, 19, 131
List the prime factors of 63122.
2, 37, 853
What are the prime factors of 930?
2, 3, 5, 31
List the prime factors of 456573.
3, 13, 23, 509
List the prime factors of 62961.
3, 31, 677
List the prime factors of 256598.
2, 17, 7547
List the prime factors of 3236923.
3236923
List the prime factors of 776745.
3, 5, 41, 421
What are the prime factors of 183359?
11, 79, 211
List the prime factors of 1511862.
2, 3, 11, 22907
What are the prime factors of 307342?
2, 7, 29, 757
What are the prime factors of 25446197?
7, 3635171
What are the prime factors of 674208?
2, 3, 2341
What are the prime factors of 419631?
3, 137, 1021
List the prime factors of 252124.
2, 63031
List the prime factors of 1412389.
11, 128399
What are the prime factors of 92452?
2, 29, 797
What are the prime factors of 315647?
19, 37, 449
List the prime factors of 3159290.
2, 5, 97, 3257
List the prime factors of 7749676.
2, 11, 176129
List the prime factors of 41267.
29, 1423
What are the prime factors of 11627899?
11627899
What are the prime factors of 585245?
5, 67, 1747
List the prime factors of 531882.
2, 3, 13, 2273
What are the prime factors of 52338?
2, 3, 11, 13, 61
List the prime factors of 6814187.
23, 296269
List the prime factors of 203348.
2, 29, 1753
What are the prime factors of 2946087?
3, 327343
List the prime factors of 39911.
107, 373
What are the prime factors of 21264105?
3, 5, 29, 48883
What are the prime factors of 346530?
2, 3, 5, 11551
What are the prime factors of 860006?
2, 7, 47, 1307
What are the prime factors of 11631597?
3, 229, 16931
List the prime factors of 446297.
43, 97, 107
List the prime factors of 3062713.
1601, 1913
List the prime factors of 1130031.
3, 7, 1993
What are the prime factors of 646837?
646837
List the prime factors of 1534013.
13, 29, 313
What are the prime factors of 222508?
2, 11, 13, 389
List the prime factors of 34268.
2, 13, 659
What are the prime factors of 618762?
2, 3, 281, 367
What are the prime factors of 389958?
2, 3, 103, 631
What are the prime factors of 8382281?
23, 364447
What are the prime factors of 5566438?
2, 2783219
What are the prime factors of 1781662?
2, 43, 20717
List the prime factors of 17956836.
2, 3, 23, 7229
What are the prime factors of 257245?
5, 51449
What are the prime factors of 18181168?
2, 331, 3433
What are the prime factors of 5417957?
43, 163, 773
What are the prime factors of 234687?
3, 78229
List the prime factors of 572308.
2, 11, 13007
What are the prime factors of 3691152?
2, 3, 25633
List the prime factors of 1061861.
113, 9397
What are the prime factors of 13127438?
2, 139, 47221
List the prime factors of 1775583.
3, 29, 6803
What are the prime factors of 96922?
2, 7, 23, 43
What are the prime factors of 210030?
2, 3, 5, 7001
List the prime factors of 1067197.
547, 1951
What are the prime factors of 476483?
7, 43, 1583
List the prime factors of 5614396.
2, 53, 71, 373
What are the prime factors of 13780744?
2, 17, 107, 947
List the prime factors of 8440878.
2, 3, 829, 1697
List the prime factors of 14017312.
2, 43, 61, 167
What are the prime factors of 660172?
2, 151, 1093
List the prime factors of 1927499.
7, 275357
What are the prime factors of 6256775?
5, 7, 35753
List the prime factors of 259037.
37, 7001
List the prime factors of 4389283.
47, 1987
List the prime factors of 887933.
31, 28643
List the prime factors of 15935.
5, 3187
What are the prime factors of 795208?
2, 99401
List the prime factors of 10433286.
2, 3, 64403
List the prime factors of 4831668.
2, 3, 134213
What are the prime factors of 1838096?
2, 13, 8837
What are the prime factors of 776503?
7, 13, 23, 53
What are the prime factors of 267881?
19, 23, 613
List the prime factors of 26908685.
5, 1087, 4951
What are the prime factors of 19137609?
3, 643, 3307
List the prime factors of 532443.
3, 177481
List the prime factors of 1911620.
2, 5, 95581
What are the prime factors of 125073?
3, 13, 1069
List the prime factors of 168942.
2, 3, 37, 761
List the prime factors of 12453895.
5, 1327, 1877
What are the prime factors of 18308575?
5, 17, 23, 1873
List the prime factors of 7483317.
3, 2494439
List the prime factors of 342922.
2, 31, 5531
What are the prime factors of 1978076?
2, 494519
List the prime factors of 746226.
2, 3, 13, 1063
What are the prime factors of 6029054?
2, 839, 3593
What are the prime factors of 3462447?
3, 241, 4789
What are the prime factors of 741189?
3, 107, 2309
List the prime factors of 7770979.
401, 19379
List the prime factors of 4235916.
2, 3, 107, 3299
What are the prime factors of 1415650?
2, 5, 23, 1231
List the prime factors of 2872.
2, 359
List the prime factors of 871806.
2, 3, 13, 11177
List the prime factors of 19935.
3, 5, 443
What are the prime factors of 57761?
11, 59, 89
List the prime factors of 2805993.
3, 139, 2243
List the prime factors of 9150995.
5, 7, 41, 911
List the prime factors of 1810470.
2, 3, 5, 29, 2081
List the prime factors of 273768.
2, 3, 11, 17, 61
List the prime factors of 5277377.
7, 137, 5503
List the prime factors of 34056.
2, 3, 11, 43
List the prime factors of 311232.
2, 3, 1621
List the prime factors of 1686268.
2, 23, 18329
List the prime factors of 152012.
2, 7, 61, 89
What are the prime factors of 4355035?
5, 31, 28097
What are the prime factors of 975689?
11, 13, 6823
List the prime factors of 26066765.
5, 19, 89, 3083
List the prime factors of 3040513.
7, 19, 22861
What are the prime factors of 239695?
5, 47939
What are the prime factors of 22530083?
17, 89, 14891
What are the prime factors of 78658?
2, 67, 587
What are the prime factors of 3896523?
3, 563, 769
What are the prime factors of 9379836?
2, 3, 260551
What are the prime factors of 97183?
157, 619
List the prime factors of 518321.
587, 883
What are the prime factors of 1770421?
29, 41, 1489
List the prime factors of 327726.
2, 3, 7, 17
List the prime factors of 17700967.
73, 242479
List the prime factors of 3137704.
2, 392213
List the prime factors of 177595.
5, 11, 3229
What are the prime factors of 537412?
2, 134353
List the prime factors of 8057408.
2, 125897
What are the prime factors of 98003?
23, 4261
What are the prime factors of 191988?
2, 3, 5333
List the prime factors of 457416.
2, 3, 6